{"id":278,"date":"2022-09-24T20:24:29","date_gmt":"2022-09-24T20:24:29","guid":{"rendered":"https:\/\/alva-atelier.com\/?page_id=278"},"modified":"2022-10-01T12:41:22","modified_gmt":"2022-10-01T12:41:22","slug":"processus-de-creation","status":"publish","type":"page","link":"https:\/\/alva-atelier.com\/?page_id=278","title":{"rendered":"Processus de cr\u00e9ation"},"content":{"rendered":"\n<div class=\"wp-block-uagb-container uagb-block-fb951509 alignfull uagb-is-root-container\">\n<div class=\"wp-block-uagb-advanced-heading uagb-block-37dbadae\"><h2 class=\"uagb-heading-text\">1 &#8211; Prise de contact<\/h2><p class=\"uagb-desc-text\">Tout commence par une prise de contact soit via le formulaire soit par t\u00e9l\u00e9phone (06.21.00.58.36). Nous convenons alors d&rsquo;un premier rendez-vous ( visio ou pr\u00e9sentiel \u00e0 Agen ) pour discuter de la cr\u00e9ation de la chasuble.<\/p><\/div>\n<\/div>\n\n\n\n<p><\/p>\n\n\n\n<div class=\"wp-block-uagb-container uagb-block-51b96da9 alignfull uagb-is-root-container\">\n<div class=\"wp-block-uagb-advanced-heading uagb-block-447973ab\"><h2 class=\"uagb-heading-text\">2 &#8211; Rendez-vous de cr\u00e9ation<\/h2><p class=\"uagb-desc-text\">Par visio ou en pr\u00e9sentiel, nous discutons ensemble du choix de l&rsquo;ornement liturgique, de sa forme, des \u00e9toffes, galons et broderies. Si besoin, je peux vous envoyer des \u00e9chantillons. A la fin de ce rendez-vous, je vous envoie par mail dans un d\u00e9lai de 48h un devis. <\/p><\/div>\n<\/div>\n\n\n\n<p><\/p>\n\n\n\n<p><\/p>\n\n\n\n<div class=\"wp-block-uagb-container uagb-block-bf33507a alignfull uagb-is-root-container\"><div class=\"uagb-container-inner-blocks-wrap\">\n<div class=\"wp-block-uagb-advanced-heading uagb-block-4adf1647\"><h2 class=\"uagb-heading-text\">3 &#8211; Cr\u00e9ation<\/h2><p class=\"uagb-desc-text\">C&rsquo;est au sein de mon atelier \u00e0 Agen que vos ornements liturgiques sont confectionn\u00e9s avec le plus grand soin. Tout au long de la cr\u00e9ation, vous serez tenu  au courant de l&rsquo;avanc\u00e9e et nous peaufinons ensemble les d\u00e9tails.  <\/p><\/div>\n<\/div><\/div>\n\n\n\n<p><\/p>\n\n\n\n<div class=\"wp-block-uagb-container uagb-block-0a8c103e alignfull uagb-is-root-container\"><div class=\"uagb-container-inner-blocks-wrap\">\n<div class=\"wp-block-uagb-advanced-heading uagb-block-04a8682d\"><h2 class=\"uagb-heading-text\">4 &#8211; R\u00e9ception<\/h2><p class=\"uagb-desc-text\">Apr\u00e8s un \u00e0 deux mois de confection, vous pourrez venir r\u00e9cup\u00e9rer vos ornements liturgiques \u00e0 l&rsquo;atelier ou je vous le ferai parvenir par colis.<\/p><\/div>\n<\/div><\/div>\n","protected":false},"excerpt":{"rendered":"","protected":false},"author":1,"featured_media":0,"parent":0,"menu_order":0,"comment_status":"closed","ping_status":"closed","template":"","meta":{"om_disable_all_campaigns":false,"_monsterinsights_skip_tracking":false,"_monsterinsights_sitenote_active":false,"_monsterinsights_sitenote_note":"","_monsterinsights_sitenote_category":0},"aioseo_notices":[],"uagb_featured_image_src":{"full":false,"thumbnail":false,"medium":false,"medium_large":false,"large":false,"1536x1536":false,"2048x2048":false,"post-thumbnail":false},"uagb_author_info":{"display_name":"claireco.fanton@gmail.com","author_link":"https:\/\/alva-atelier.com\/?author=1"},"uagb_comment_info":0,"uagb_excerpt":null,"_links":{"self":[{"href":"https:\/\/alva-atelier.com\/index.php?rest_route=\/wp\/v2\/pages\/278"}],"collection":[{"href":"https:\/\/alva-atelier.com\/index.php?rest_route=\/wp\/v2\/pages"}],"about":[{"href":"https:\/\/alva-atelier.com\/index.php?rest_route=\/wp\/v2\/types\/page"}],"author":[{"embeddable":true,"href":"https:\/\/alva-atelier.com\/index.php?rest_route=\/wp\/v2\/users\/1"}],"replies":[{"embeddable":true,"href":"https:\/\/alva-atelier.com\/index.php?rest_route=%2Fwp%2Fv2%2Fcomments&post=278"}],"version-history":[{"count":35,"href":"https:\/\/alva-atelier.com\/index.php?rest_route=\/wp\/v2\/pages\/278\/revisions"}],"predecessor-version":[{"id":644,"href":"https:\/\/alva-atelier.com\/index.php?rest_route=\/wp\/v2\/pages\/278\/revisions\/644"}],"wp:attachment":[{"href":"https:\/\/alva-atelier.com\/index.php?rest_route=%2Fwp%2Fv2%2Fmedia&parent=278"}],"curies":[{"name":"wp","href":"https:\/\/api.w.org\/{rel}","templated":true}]}}